{"id":63827,"date":"2025-11-25T13:45:19","date_gmt":"2025-11-25T12:45:19","guid":{"rendered":"https:\/\/www.vicoexport.com\/service\/feria-genera-2025\/"},"modified":"2025-11-25T14:28:06","modified_gmt":"2025-11-25T13:28:06","slug":"genera-2025","status":"publish","type":"service","link":"https:\/\/www.vicoexport.com\/de\/service\/genera-2025\/","title":{"rendered":"Genera 2025"},"content":{"rendered":"<div class=\"wpb-content-wrapper\"><p>[vc_row][vc_column][vc_single_image image=&#8221;38693&#8243; img_size=&#8221;large&#8221; alignment=&#8221;center&#8221;][\/vc_column][\/vc_row][vc_row][vc_column][vc_column_text css=&#8221;&#8221;]<\/p>\n<h1 style=\"text-align: center;\"><strong><span style=\"color: #ff9500;\">GENERA 2025<\/span><\/strong><\/h1>\n<h3 style=\"text-align: center;\"><strong>So haben wir die 28. Ausgabe der Genera erlebt, der Internationalen Fachmesse f\u00fcr Energie und Umwelt<\/strong><\/h3>\n<p style=\"text-align: center;\">Jede Ausgabe der GENERA bedeutet f\u00fcr Vico Export Solar Energy einen weiteren Fortschritt \u2013 und dieses Jahr war keine Ausnahme. Dank des Vertrauens der Installateure, Ingenieurb\u00fcros und Partner, die unseren Stand besuchten, st\u00e4rken wir weiterhin unsere Sichtbarkeit, unsere Kontakte und unsere Gesch\u00e4ftsm\u00f6glichkeiten in den M\u00e4rkten, in denen wir t\u00e4tig sind: Europa, Afrika und Lateinamerika.<\/p>\n<p style=\"text-align: center;\">W\u00e4hrend der drei Messetage pr\u00e4sentierten wir die neuesten Neuheiten der wichtigsten Marken, mit denen wir zusammenarbeiten, und f\u00fchrten Gespr\u00e4che mit Installateuren und EPC-Unternehmen, die an Hochleistungs\u00adl\u00f6sungen interessiert sind. Dieser direkte Kontakt mit den Fachleuten erm\u00f6glicht es uns, Jahr f\u00fcr Jahr unsere Position als Referenzdistributor f\u00fcr Photovoltaikprojekte jeder Gr\u00f6\u00dfenordnung zu festigen.<\/p>\n<h3 style=\"text-align: center;\"><strong>Neuheiten, die wir auf der GENERA 2025 vorgestellt haben<\/strong><\/h3>\n<p style=\"text-align: center;\">Dieses Jahr stellten wir eine Auswahl modernster Technologien der f\u00fchrenden Hersteller vor, mit denen wir zusammenarbeiten. Eine Kombination aus Modulen, Wechselrichtern und Speicherl\u00f6sungen, die darauf ausgelegt sind, die Energieproduktion zu maximieren und zuverl\u00e4ssigere, effizientere und wettbewerbsf\u00e4higere Installationen zu erm\u00f6glichen.<\/p>\n<p>[\/vc_column_text][\/vc_column][\/vc_row][vc_row][vc_column][vc_images_carousel images=&#8221;63808,63756,63764,63760,63772,63768,63792,63776,63780,63784,63800,63796,63812,63816,63820,63788,63804&#8243; img_size=&#8221;large&#8221; slides_per_view=&#8221;4&#8243; autoplay=&#8221;yes&#8221; wrap=&#8221;yes&#8221; css=&#8221;&#8221;][\/vc_column][\/vc_row]<\/p>\n<\/div>","protected":false},"excerpt":{"rendered":"<p>[vc_row][vc_column][vc_single_image image=&#8221;38693&#8243; img_size=&#8221;large&#8221; alignment=&#8221;center&#8221;][\/vc_column][\/vc_row][vc_row][vc_column][vc_column_text css=&#8221;&#8221;] GENERA 2025 So haben wir die 28. Ausgabe der Genera erlebt, der Internationalen Fachmesse f\u00fcr Energie und Umwelt Jede Ausgabe der GENERA bedeutet f\u00fcr Vico Export Solar Energy einen weiteren Fortschritt \u2013 und dieses Jahr war keine Ausnahme. Dank des Vertrauens der Installateure, Ingenieurb\u00fcros und Partner, die unseren Stand besuchten, [&hellip;]<\/p>\n","protected":false},"featured_media":63804,"parent":0,"menu_order":0,"template":"","class_list":["post-63827","service","type-service","status-publish","has-post-thumbnail","hentry"],"yoast_head":"<!-- This site is optimized with the Yoast SEO plugin v27.3 - https:\/\/yoast.com\/product\/yoast-seo-wordpress\/ -->\n<title>Genera 2025 | Vico Export Solar Energ<\/title>\n<meta name=\"description\" content=\"Messe Genera 2025, Internationale Messe f\u00fcr Energie und Umwelt. Auch in diesem Jahr war Vico Export Solar Energy wieder dabei...\" \/>\n<meta name=\"robots\" content=\"index, follow, max-snippet:-1, max-image-preview:large, max-video-preview:-1\" \/>\n<link rel=\"canonical\" href=\"https:\/\/www.vicoexport.com\/de\/service\/genera-2025\/\" \/>\n<meta property=\"og:locale\" content=\"de_DE\" \/>\n<meta property=\"og:type\" content=\"article\" \/>\n<meta property=\"og:title\" content=\"Genera 2025 | Vico Export Solar Energ\" \/>\n<meta property=\"og:description\" content=\"Messe Genera 2025, Internationale Messe f\u00fcr Energie und Umwelt. Auch in diesem Jahr war Vico Export Solar Energy wieder dabei...\" \/>\n<meta property=\"og:url\" content=\"https:\/\/www.vicoexport.com\/de\/service\/genera-2025\/\" \/>\n<meta property=\"og:site_name\" content=\"Vico Export Solar Energy\" \/>\n<meta property=\"article:publisher\" content=\"https:\/\/www.facebook.com\/vicoexport.vicoexportsolar\" \/>\n<meta property=\"article:modified_time\" content=\"2025-11-25T13:28:06+00:00\" \/>\n<meta property=\"og:image\" content=\"https:\/\/www.vicoexport.com\/wp-content\/uploads\/2025\/11\/Genera-2025-Vico-Export-13.png\" \/>\n\t<meta property=\"og:image:width\" content=\"1080\" \/>\n\t<meta property=\"og:image:height\" content=\"1350\" \/>\n\t<meta property=\"og:image:type\" content=\"image\/png\" \/>\n<meta name=\"twitter:card\" content=\"summary_large_image\" \/>\n<meta name=\"twitter:site\" content=\"@VicoExportSolar\" \/>\n<script type=\"application\/ld+json\" class=\"yoast-schema-graph\">{\"@context\":\"https:\\\/\\\/schema.org\",\"@graph\":[{\"@type\":\"WebPage\",\"@id\":\"https:\\\/\\\/www.vicoexport.com\\\/de\\\/service\\\/genera-2025\\\/\",\"url\":\"https:\\\/\\\/www.vicoexport.com\\\/de\\\/service\\\/genera-2025\\\/\",\"name\":\"Genera 2025 | Vico Export Solar Energ\",\"isPartOf\":{\"@id\":\"https:\\\/\\\/www.vicoexport.com\\\/#website\"},\"primaryImageOfPage\":{\"@id\":\"https:\\\/\\\/www.vicoexport.com\\\/de\\\/service\\\/genera-2025\\\/#primaryimage\"},\"image\":{\"@id\":\"https:\\\/\\\/www.vicoexport.com\\\/de\\\/service\\\/genera-2025\\\/#primaryimage\"},\"thumbnailUrl\":\"https:\\\/\\\/www.vicoexport.com\\\/wp-content\\\/uploads\\\/2025\\\/11\\\/Genera-2025-Vico-Export-13.png\",\"datePublished\":\"2025-11-25T12:45:19+00:00\",\"dateModified\":\"2025-11-25T13:28:06+00:00\",\"description\":\"Messe Genera 2025, Internationale Messe f\u00fcr Energie und Umwelt. Auch in diesem Jahr war Vico Export Solar Energy wieder dabei...\",\"breadcrumb\":{\"@id\":\"https:\\\/\\\/www.vicoexport.com\\\/de\\\/service\\\/genera-2025\\\/#breadcrumb\"},\"inLanguage\":\"de\",\"potentialAction\":[{\"@type\":\"ReadAction\",\"target\":[\"https:\\\/\\\/www.vicoexport.com\\\/de\\\/service\\\/genera-2025\\\/\"]}]},{\"@type\":\"ImageObject\",\"inLanguage\":\"de\",\"@id\":\"https:\\\/\\\/www.vicoexport.com\\\/de\\\/service\\\/genera-2025\\\/#primaryimage\",\"url\":\"https:\\\/\\\/www.vicoexport.com\\\/wp-content\\\/uploads\\\/2025\\\/11\\\/Genera-2025-Vico-Export-13.png\",\"contentUrl\":\"https:\\\/\\\/www.vicoexport.com\\\/wp-content\\\/uploads\\\/2025\\\/11\\\/Genera-2025-Vico-Export-13.png\",\"width\":1080,\"height\":1350,\"caption\":\"Genera 2025 Vico Export\"},{\"@type\":\"BreadcrumbList\",\"@id\":\"https:\\\/\\\/www.vicoexport.com\\\/de\\\/service\\\/genera-2025\\\/#breadcrumb\",\"itemListElement\":[{\"@type\":\"ListItem\",\"position\":1,\"name\":\"Portada\",\"item\":\"https:\\\/\\\/www.vicoexport.com\\\/de\\\/\"},{\"@type\":\"ListItem\",\"position\":2,\"name\":\"Genera 2025\"}]},{\"@type\":\"WebSite\",\"@id\":\"https:\\\/\\\/www.vicoexport.com\\\/#website\",\"url\":\"https:\\\/\\\/www.vicoexport.com\\\/\",\"name\":\"Vico Export Solar Energy\",\"description\":\"Vico Export Solar Energy Distribuidor Mayorista de Paneles Solares Fotovoltaicos\",\"publisher\":{\"@id\":\"https:\\\/\\\/www.vicoexport.com\\\/#organization\"},\"potentialAction\":[{\"@type\":\"SearchAction\",\"target\":{\"@type\":\"EntryPoint\",\"urlTemplate\":\"https:\\\/\\\/www.vicoexport.com\\\/?s={search_term_string}\"},\"query-input\":{\"@type\":\"PropertyValueSpecification\",\"valueRequired\":true,\"valueName\":\"search_term_string\"}}],\"inLanguage\":\"de\"},{\"@type\":\"Organization\",\"@id\":\"https:\\\/\\\/www.vicoexport.com\\\/#organization\",\"name\":\"Vico Export Solar Energy\",\"url\":\"https:\\\/\\\/www.vicoexport.com\\\/\",\"logo\":{\"@type\":\"ImageObject\",\"inLanguage\":\"de\",\"@id\":\"https:\\\/\\\/www.vicoexport.com\\\/#\\\/schema\\\/logo\\\/image\\\/\",\"url\":\"https:\\\/\\\/www.vicoexport.com\\\/wp-content\\\/uploads\\\/2018\\\/02\\\/Vico-Export-Solar-energy.jpg\",\"contentUrl\":\"https:\\\/\\\/www.vicoexport.com\\\/wp-content\\\/uploads\\\/2018\\\/02\\\/Vico-Export-Solar-energy.jpg\",\"width\":1006,\"height\":1024,\"caption\":\"Vico Export Solar Energy\"},\"image\":{\"@id\":\"https:\\\/\\\/www.vicoexport.com\\\/#\\\/schema\\\/logo\\\/image\\\/\"},\"sameAs\":[\"https:\\\/\\\/www.facebook.com\\\/vicoexport.vicoexportsolar\",\"https:\\\/\\\/x.com\\\/VicoExportSolar\",\"https:\\\/\\\/www.instagram.com\\\/vico_export_solar_energy\",\"https:\\\/\\\/www.linkedin.com\\\/in\\\/vicoexport\",\"https:\\\/\\\/www.youtube.com\\\/user\\\/vicoexport\\\/\"]}]}<\/script>\n<!-- \/ Yoast SEO plugin. -->","yoast_head_json":{"title":"Genera 2025 | Vico Export Solar Energ","description":"Messe Genera 2025, Internationale Messe f\u00fcr Energie und Umwelt. Auch in diesem Jahr war Vico Export Solar Energy wieder dabei...","robots":{"index":"index","follow":"follow","max-snippet":"max-snippet:-1","max-image-preview":"max-image-preview:large","max-video-preview":"max-video-preview:-1"},"canonical":"https:\/\/www.vicoexport.com\/de\/service\/genera-2025\/","og_locale":"de_DE","og_type":"article","og_title":"Genera 2025 | Vico Export Solar Energ","og_description":"Messe Genera 2025, Internationale Messe f\u00fcr Energie und Umwelt. Auch in diesem Jahr war Vico Export Solar Energy wieder dabei...","og_url":"https:\/\/www.vicoexport.com\/de\/service\/genera-2025\/","og_site_name":"Vico Export Solar Energy","article_publisher":"https:\/\/www.facebook.com\/vicoexport.vicoexportsolar","article_modified_time":"2025-11-25T13:28:06+00:00","og_image":[{"width":1080,"height":1350,"url":"https:\/\/www.vicoexport.com\/wp-content\/uploads\/2025\/11\/Genera-2025-Vico-Export-13.png","type":"image\/png"}],"twitter_card":"summary_large_image","twitter_site":"@VicoExportSolar","schema":{"@context":"https:\/\/schema.org","@graph":[{"@type":"WebPage","@id":"https:\/\/www.vicoexport.com\/de\/service\/genera-2025\/","url":"https:\/\/www.vicoexport.com\/de\/service\/genera-2025\/","name":"Genera 2025 | Vico Export Solar Energ","isPartOf":{"@id":"https:\/\/www.vicoexport.com\/#website"},"primaryImageOfPage":{"@id":"https:\/\/www.vicoexport.com\/de\/service\/genera-2025\/#primaryimage"},"image":{"@id":"https:\/\/www.vicoexport.com\/de\/service\/genera-2025\/#primaryimage"},"thumbnailUrl":"https:\/\/www.vicoexport.com\/wp-content\/uploads\/2025\/11\/Genera-2025-Vico-Export-13.png","datePublished":"2025-11-25T12:45:19+00:00","dateModified":"2025-11-25T13:28:06+00:00","description":"Messe Genera 2025, Internationale Messe f\u00fcr Energie und Umwelt. Auch in diesem Jahr war Vico Export Solar Energy wieder dabei...","breadcrumb":{"@id":"https:\/\/www.vicoexport.com\/de\/service\/genera-2025\/#breadcrumb"},"inLanguage":"de","potentialAction":[{"@type":"ReadAction","target":["https:\/\/www.vicoexport.com\/de\/service\/genera-2025\/"]}]},{"@type":"ImageObject","inLanguage":"de","@id":"https:\/\/www.vicoexport.com\/de\/service\/genera-2025\/#primaryimage","url":"https:\/\/www.vicoexport.com\/wp-content\/uploads\/2025\/11\/Genera-2025-Vico-Export-13.png","contentUrl":"https:\/\/www.vicoexport.com\/wp-content\/uploads\/2025\/11\/Genera-2025-Vico-Export-13.png","width":1080,"height":1350,"caption":"Genera 2025 Vico Export"},{"@type":"BreadcrumbList","@id":"https:\/\/www.vicoexport.com\/de\/service\/genera-2025\/#breadcrumb","itemListElement":[{"@type":"ListItem","position":1,"name":"Portada","item":"https:\/\/www.vicoexport.com\/de\/"},{"@type":"ListItem","position":2,"name":"Genera 2025"}]},{"@type":"WebSite","@id":"https:\/\/www.vicoexport.com\/#website","url":"https:\/\/www.vicoexport.com\/","name":"Vico Export Solar Energy","description":"Vico Export Solar Energy Distribuidor Mayorista de Paneles Solares Fotovoltaicos","publisher":{"@id":"https:\/\/www.vicoexport.com\/#organization"},"potentialAction":[{"@type":"SearchAction","target":{"@type":"EntryPoint","urlTemplate":"https:\/\/www.vicoexport.com\/?s={search_term_string}"},"query-input":{"@type":"PropertyValueSpecification","valueRequired":true,"valueName":"search_term_string"}}],"inLanguage":"de"},{"@type":"Organization","@id":"https:\/\/www.vicoexport.com\/#organization","name":"Vico Export Solar Energy","url":"https:\/\/www.vicoexport.com\/","logo":{"@type":"ImageObject","inLanguage":"de","@id":"https:\/\/www.vicoexport.com\/#\/schema\/logo\/image\/","url":"https:\/\/www.vicoexport.com\/wp-content\/uploads\/2018\/02\/Vico-Export-Solar-energy.jpg","contentUrl":"https:\/\/www.vicoexport.com\/wp-content\/uploads\/2018\/02\/Vico-Export-Solar-energy.jpg","width":1006,"height":1024,"caption":"Vico Export Solar Energy"},"image":{"@id":"https:\/\/www.vicoexport.com\/#\/schema\/logo\/image\/"},"sameAs":["https:\/\/www.facebook.com\/vicoexport.vicoexportsolar","https:\/\/x.com\/VicoExportSolar","https:\/\/www.instagram.com\/vico_export_solar_energy","https:\/\/www.linkedin.com\/in\/vicoexport","https:\/\/www.youtube.com\/user\/vicoexport\/"]}]}},"_links":{"self":[{"href":"https:\/\/www.vicoexport.com\/de\/wp-json\/wp\/v2\/service\/63827","targetHints":{"allow":["GET"]}}],"collection":[{"href":"https:\/\/www.vicoexport.com\/de\/wp-json\/wp\/v2\/service"}],"about":[{"href":"https:\/\/www.vicoexport.com\/de\/wp-json\/wp\/v2\/types\/service"}],"wp:featuredmedia":[{"embeddable":true,"href":"https:\/\/www.vicoexport.com\/de\/wp-json\/wp\/v2\/media\/63804"}],"wp:attachment":[{"href":"https:\/\/www.vicoexport.com\/de\/wp-json\/wp\/v2\/media?parent=63827"}],"curies":[{"name":"wp","href":"https:\/\/api.w.org\/{rel}","templated":true}]}}

<div class="wpb-content-wrapper"><p>[vc_row][vc_column][vc_single_image image=&#8221;38693&#8243; img_size=&#8221;large&#8221; alignment=&#8221;center&#8221;][/vc_column][/vc_row][vc_row][vc_column][vc_column_text css=&#8221;&#8221;]</p>
<h1 style="text-align: center;"><strong><span style="color: #ff9500;">GENERA 2025</span></strong></h1>
<h3 style="text-align: center;"><strong>So haben wir die 28. Ausgabe der Genera erlebt, der Internationalen Fachmesse für Energie und Umwelt</strong></h3>
<p style="text-align: center;">Jede Ausgabe der GENERA bedeutet für Vico Export Solar Energy einen weiteren Fortschritt – und dieses Jahr war keine Ausnahme. Dank des Vertrauens der Installateure, Ingenieurbüros und Partner, die unseren Stand besuchten, stärken wir weiterhin unsere Sichtbarkeit, unsere Kontakte und unsere Geschäftsmöglichkeiten in den Märkten, in denen wir tätig sind: Europa, Afrika und Lateinamerika.</p>
<p style="text-align: center;">Während der drei Messetage präsentierten wir die neuesten Neuheiten der wichtigsten Marken, mit denen wir zusammenarbeiten, und führten Gespräche mit Installateuren und EPC-Unternehmen, die an Hochleistungs­lösungen interessiert sind. Dieser direkte Kontakt mit den Fachleuten ermöglicht es uns, Jahr für Jahr unsere Position als Referenzdistributor für Photovoltaikprojekte jeder Größenordnung zu festigen.</p>
<h3 style="text-align: center;"><strong>Neuheiten, die wir auf der GENERA 2025 vorgestellt haben</strong></h3>
<p style="text-align: center;">Dieses Jahr stellten wir eine Auswahl modernster Technologien der führenden Hersteller vor, mit denen wir zusammenarbeiten. Eine Kombination aus Modulen, Wechselrichtern und Speicherlösungen, die darauf ausgelegt sind, die Energieproduktion zu maximieren und zuverlässigere, effizientere und wettbewerbsfähigere Installationen zu ermöglichen.</p>
<p>[/vc_column_text][/vc_column][/vc_row][vc_row][vc_column][vc_images_carousel images=&#8221;63808,63756,63764,63760,63772,63768,63792,63776,63780,63784,63800,63796,63812,63816,63820,63788,63804&#8243; img_size=&#8221;large&#8221; slides_per_view=&#8221;4&#8243; autoplay=&#8221;yes&#8221; wrap=&#8221;yes&#8221; css=&#8221;&#8221;][/vc_column][/vc_row]</p>
</div>

<p>[vc_row][vc_column][vc_single_image image=&#8221;38693&#8243; img_size=&#8221;large&#8221; alignment=&#8221;center&#8221;][/vc_column][/vc_row][vc_row][vc_column][vc_column_text css=&#8221;&#8221;] GENERA 2025 So haben wir die 28. Ausgabe der Genera erlebt, der Internationalen Fachmesse für Energie und Umwelt Jede Ausgabe der GENERA bedeutet für Vico Export Solar Energy einen weiteren Fortschritt – und dieses Jahr war keine Ausnahme. Dank des Vertrauens der Installateure, Ingenieurbüros und Partner, die unseren Stand besuchten, [&hellip;]</p>

<!-- This site is optimized with the Yoast SEO plugin v27.3 - https://yoast.com/product/yoast-seo-wordpress/ -->
<title>Genera 2025 | Vico Export Solar Energ</title>
<meta name="description" content="Messe Genera 2025, Internationale Messe für Energie und Umwelt. Auch in diesem Jahr war Vico Export Solar Energy wieder dabei..." />
<meta name="robots" content="index, follow, max-snippet:-1, max-image-preview:large, max-video-preview:-1" />
<link rel="canonical" href="https://www.vicoexport.com/de/service/genera-2025/" />
<meta property="og:locale" content="de_DE" />
<meta property="og:type" content="article" />
<meta property="og:title" content="Genera 2025 | Vico Export Solar Energ" />
<meta property="og:description" content="Messe Genera 2025, Internationale Messe für Energie und Umwelt. Auch in diesem Jahr war Vico Export Solar Energy wieder dabei..." />
<meta property="og:url" content="https://www.vicoexport.com/de/service/genera-2025/" />
<meta property="og:site_name" content="Vico Export Solar Energy" />
<meta property="article:publisher" content="https://www.facebook.com/vicoexport.vicoexportsolar" />
<meta property="article:modified_time" content="2025-11-25T13:28:06+00:00" />
<meta property="og:image" content="https://www.vicoexport.com/wp-content/uploads/2025/11/Genera-2025-Vico-Export-13.png" />
	<meta property="og:image:width" content="1080" />
	<meta property="og:image:height" content="1350" />
	<meta property="og:image:type" content="image/png" />
<meta name="twitter:card" content="summary_large_image" />
<meta name="twitter:site" content="@VicoExportSolar" />
<script type="application/ld+json" class="yoast-schema-graph">{"@context":"https:\/\/schema.org","@graph":[{"@type":"WebPage","@id":"https:\/\/www.vicoexport.com\/de\/service\/genera-2025\/","url":"https:\/\/www.vicoexport.com\/de\/service\/genera-2025\/","name":"Genera 2025 | Vico Export Solar Energ","isPartOf":{"@id":"https:\/\/www.vicoexport.com\/#website"},"primaryImageOfPage":{"@id":"https:\/\/www.vicoexport.com\/de\/service\/genera-2025\/#primaryimage"},"image":{"@id":"https:\/\/www.vicoexport.com\/de\/service\/genera-2025\/#primaryimage"},"thumbnailUrl":"https:\/\/www.vicoexport.com\/wp-content\/uploads\/2025\/11\/Genera-2025-Vico-Export-13.png","datePublished":"2025-11-25T12:45:19+00:00","dateModified":"2025-11-25T13:28:06+00:00","description":"Messe Genera 2025, Internationale Messe für Energie und Umwelt. Auch in diesem Jahr war Vico Export Solar Energy wieder dabei...","breadcrumb":{"@id":"https:\/\/www.vicoexport.com\/de\/service\/genera-2025\/#breadcrumb"},"inLanguage":"de","potentialAction":[{"@type":"ReadAction","target":["https:\/\/www.vicoexport.com\/de\/service\/genera-2025\/"]}]},{"@type":"ImageObject","inLanguage":"de","@id":"https:\/\/www.vicoexport.com\/de\/service\/genera-2025\/#primaryimage","url":"https:\/\/www.vicoexport.com\/wp-content\/uploads\/2025\/11\/Genera-2025-Vico-Export-13.png","contentUrl":"https:\/\/www.vicoexport.com\/wp-content\/uploads\/2025\/11\/Genera-2025-Vico-Export-13.png","width":1080,"height":1350,"caption":"Genera 2025 Vico Export"},{"@type":"BreadcrumbList","@id":"https:\/\/www.vicoexport.com\/de\/service\/genera-2025\/#breadcrumb","itemListElement":[{"@type":"ListItem","position":1,"name":"Portada","item":"https:\/\/www.vicoexport.com\/de\/"},{"@type":"ListItem","position":2,"name":"Genera 2025"}]},{"@type":"WebSite","@id":"https:\/\/www.vicoexport.com\/#website","url":"https:\/\/www.vicoexport.com\/","name":"Vico Export Solar Energy","description":"Vico Export Solar Energy Distribuidor Mayorista de Paneles Solares Fotovoltaicos","publisher":{"@id":"https:\/\/www.vicoexport.com\/#organization"},"potentialAction":[{"@type":"SearchAction","target":{"@type":"EntryPoint","urlTemplate":"https:\/\/www.vicoexport.com\/?s={search_term_string}"},"query-input":{"@type":"PropertyValueSpecification","valueRequired":true,"valueName":"search_term_string"}}],"inLanguage":"de"},{"@type":"Organization","@id":"https:\/\/www.vicoexport.com\/#organization","name":"Vico Export Solar Energy","url":"https:\/\/www.vicoexport.com\/","logo":{"@type":"ImageObject","inLanguage":"de","@id":"https:\/\/www.vicoexport.com\/#\/schema\/logo\/image\/","url":"https:\/\/www.vicoexport.com\/wp-content\/uploads\/2018\/02\/Vico-Export-Solar-energy.jpg","contentUrl":"https:\/\/www.vicoexport.com\/wp-content\/uploads\/2018\/02\/Vico-Export-Solar-energy.jpg","width":1006,"height":1024,"caption":"Vico Export Solar Energy"},"image":{"@id":"https:\/\/www.vicoexport.com\/#\/schema\/logo\/image\/"},"sameAs":["https:\/\/www.facebook.com\/vicoexport.vicoexportsolar","https:\/\/x.com\/VicoExportSolar","https:\/\/www.instagram.com\/vico_export_solar_energy","https:\/\/www.linkedin.com\/in\/vicoexport","https:\/\/www.youtube.com\/user\/vicoexport\/"]}]}</script>
<!-- / Yoast SEO plugin. -->

Messe Genera 2025, Internationale Messe für Energie und Umwelt. Auch in diesem Jahr war Vico Export Solar Energy wieder dabei...
